ivide 5038?
True
Is 609 a factor of 1635774?
True
Does 165 divide 76560?
True
Is 3067138 a multiple of 538?
True
Is 214881 a multiple of 814?
False
Is 260015 a multiple of 115?
True
Does 9 divide 1393197?
False
Does 533 divide 1282783?
False
Does 37 divide 242475?
False
Is 2 a factor of 15168?
True
Is 41001 a multiple of 3?
True
Is 4 a factor of 105192?
True
Is 3800182 a multiple of 326?
True
Is 58 a factor of 3933154?
True
Does 141 divide 100475?
False
Does 156 divide 476736?
True
Does 8 divide 590024?
True
Is 1319120 a multiple of 16?
True
Does 107 divide 558540?
True
Does 13 divide 167751?
False
Does 16 divide 11882064?
True
Is 1879 a factor of 31582232?
True
Is 7 a factor of 2153062?
False
Is 9 a factor of 3096954?
True
Is 40194 a multiple of 21?
True
Is 1409966 a multiple of 41?
False
Is 1287495 a multiple of 15?
True
Does 8 divide 348056?
True
Is 42 a factor of 30954?
True
Does 546 divide 645372?
True
Is 411000 a multiple of 75?
True
Does 43 divide 426603?
True
Is 80 a factor of 21120?
True
Is 634502 a multiple of 22?
True
Is 154 a factor of 220437?
False
Does 2326 divide 7012890?
True
Is 10 a factor of 23171737?
False
Does 856 divide 1857610?
False
Is 2329822 a multiple of 137?
True
Does 7 divide 347809?
True
Is 10 a factor of 5785020?
True
Does 32 divide 500622?
False
Is 1091501 a multiple of 28?
False
Does 21 divide 14293?
False
Is 22209 a multiple of 2?
False
Is 32 a factor of 269632?
True
Is 192 a factor of 2097600?
True
Is 425 a factor of 724654?
False
Is 365354 a multiple of 412?
False
Is 5920 a multiple of 592?
True
Does 15 divide 121380?
True
Is 33 a factor of 327030?
True
Does 16 divide 13059553?
False
Is 17 a factor of 3099916?
True
Is 96 a factor of 50793?
False
Does 8 divide 46757?
False
Is 92 a factor of 612904?
True
Is 173890 a multiple of 8?
False
Is 955695 a multiple of 1885?
True
Is 4 a factor of 832938?
False
Is 1443455 a multiple of 9?
False
Is 1907070 a multiple of 220?
False
Is 729256 a multiple of 8?
True
Does 56 divide 4391194?
False
Is 823 a factor of 20729264?
False
Is 10 a factor of 39086?
False
Is 319133 a multiple of 8?
False
Is 2663476 a multiple of 29?
True
Does 69 divide 184989?
True
Is 124 a factor of 182032?
True
Does 148 divide 152144?
True
Does 113 divide 200911?
False
Is 21938 a multiple of 8?
False
Is 49 a factor of 4141657?
False
Does 16 divide 33104?
True
Does 18 divide 713502?
True
Does 101 divide 69892?
True
Is 79364 a multiple of 622?
False
Does 42 divide 573594?
True
Does 8 divide 32340?
False
Does 12 divide 845758?
False
Does 23 divide 260682?
True
Is 182850 a multiple of 25?
True
Is 3923090 a multiple of 132?
False
Is 965333 a multiple of 47?
True
Is 44 a factor of 9287079?
False
Does 236 divide 2701964?
True
Is 39 a factor of 38075766?
False
Is 4212806 a multiple of 311?
True
Does 11 divide 1971263?
False
Does 43 divide 107414?
True
Is 4 a factor of 1101926?
False
Does 10 divide 266019?
False
Is 4783698 a multiple of 1737?
True
Does 201 divide 152559?
True
Is 24 a factor of 304872?
True
Is 44824 a multiple of 52?
True
Does 37 divide 130771?
False
Is 1294883 a multiple of 120?
False
Is 5342422 a multiple of 116?
False
Is 417 a factor of 531841?
False
Is 98 a factor of 43103?
False
Is 74 a factor of 202956?
False
Is 143 a factor of 6887?
False
Does 57 divide 1887441?
True
Does 345 divide 15824805?
True
Does 7 divide 24787?
True
Is 616 a factor of 337568?
True
Is 4846800 a multiple of 84?
True
Is 70 a factor of 56840?
True
Does 335 divide 740633?
False
Is 3274795 a multiple of 295?
True
Does 258 divide 125904?
True
Does 85 divide 4165?
True
Is 77 a factor of 23932528?
False
Does 140 divide 3939320?
True
Does 55 divide 7240086?
False
Is 208 a factor of 5873088?
True
Does 33 divide 9673455?
True
Does 308 divide 529452?
True
Is 156 a factor of 2311140?
True
Does 86 divide 52365?
False
Does 2 divide 32193?
False
Does 9 divide 1500376?
False
Does 110 divide 792770?
True
Is 15 a factor of 10496715?
True
Does 254 divide 397256?
True
Is 182378 a multiple of 248?
False
Is 227700 a multiple of 134?
False
Does 93 divide 3745018?
False
Is 9 a factor of 954623?
False
Is 49755 a multiple of 535?
True
Does 560 divide 178290?
False
Is 14655 a multiple of 7?
False
Does 123 divide 217193?
False
Is 152777 a multiple of 3?
False
Is 119520 a multiple of 60?
True
Is 278 a factor of 163368?
False
Does 14 divide 98336?
True
Is 48864 a multiple of 12?
True
Does 141 divide 209562?
False
Does 11 divide 17468?
True
Does 1353 divide 3082134?
True
Is 765720 a multiple of 36?
True
Does 342 divide 11462400?
False
Does 12 divide 1204104?
True
Is 236026 a multiple of 13?
False
Is 417291 a multiple of 216?
False
Is 80 a factor of 648632?
False
Is 7 a factor of 81319?
True
Is 455659 even?
False
Is 2664 a multiple of 36?
True
Is 137 a factor of 35398?
False
Is 40 a factor of 10840?
True
Is 33948790 a multiple of 3122?
False
Does 12 divide 20790060?
True
Does 15 divide 814020?
True
Is 174647 a multiple of 11?
True
Is 11 a factor of 67430?
True
Is 184 a factor of 427616?
True
Does 19 divide 397670?
True
Does 24 divide 77651?
False
Is 26 a factor of 7061658?
False
Is 10219659 a multiple of 111?
True
Is 19 a factor of 771419?
True
Is 166500 a multiple of 222?
True
Does 1471 divide 8024305?
True
Is 155 a factor of 298828?
False
Is 27 a factor of 243498?
False
Is 189 a factor of 109809?
True
Is 1373379 a multiple of 21?
True
Is 5778 a multiple of 214?
True
Is 129 a factor of 109908?
True
Does 206 divide 283477?
False
Does 114 divide 290492?
False
Does 1343 divide 940288?
False
Is 187404 a multiple of 138?
True
Is 5281404 a multiple of 146?
True
Is 2005872 a multiple of 11?
True
Does 22 divide 1434236?
False
Is 124 a factor of 257270?
False
Does 16 divide 35044?
False
Does 16 divide 622422?
False
Does 7 divide 16212?
True
Does 146 divide 895418?
True
Is 13 a factor of 3833055?
False
Does 48 divide 1233266?
False
Is 3899281 a multiple of 685?
False
Is 35 a factor of 254180?
False
Is 268400 a multiple of 3?
False
Does 27 divide 2028118?
False
Does 112 divide 3934336?
True
Does 27 divide 189057?
False
Is 3750098 a multiple of 1258?
True
Is 15833708 a multiple of 737?
True
Is 320 a factor of 619840?
True
Is 6762698 a multiple of 504?
False
Is 4 a factor of 258475?
False
Is 65 a factor of 1644500?
True
Does 60 divide 1092097?
False
Is 4110940 a multiple of 5?
True
Does 1197 divide 8114211?
False
Does 17 divide 995996?
True
Is 43 a factor of 9359715?
False
Is 551013 a multiple of 181?
False
Is 17 a factor of 1574514?
False
Is 993 a factor of 7839309?
False
Is 279585 a multiple of 155?
False
Is 94011 a multiple of 11?
False
Does 12 divide 638352?
True
Is 52 a factor of 216391?
False
Is 51376 a multiple of 76?
True
Is 676136 a multiple of 8?
True
Is 165 a factor of 288683?
False
Is 5 a factor of 1015258?
False
Does 25 divide 1516575?
True
Is 145656 a multiple of 7?
True
Is 84 a factor of 4081867?
False
Does 35 divide 3200195?
False
Is 15 a factor of 53835?
True
Is 33 a factor of 130815?
False
Is 122590 a multiple of 146?
False
Does 37 divide 20864781?
True
Does 6 divide 2956768?
False
Is 258 a factor of 91220?
False
Is 103701 a multiple of 229?
False
Does 4 divide 362622?
False
Is 12369 a multiple of 93?
True
Is 480516 a multiple of 69?
True
Does 464 divide 3721046?
False
Is 39 a factor of 75185?
False
Is 13 a factor of 530946?
True
Does 12 divide 32628?
True
Does 1975 divide 31400525?
True
Is 22 a factor of 8285332?
True
Is 72149 a multiple of 8?
False
Does 6 divide 17136?
True
Does 90 divide 2151180?
True
Is 662248 a multiple of 440?
False
Does 105 divide 528670?
False
Is 42598 a multiple of 38?
True
Does 6 divide 1746?
True
Is 519052 a multiple of 25?
False
Is 157 a factor of 1006998?
True
Does 58 divide 154933?
False
Is 53 a factor of 25521?
False
Does 228 divide 506431?
False
Is 913644 a multiple of 12?
True
Does 576 divide 6504768?
True
Is 5877196 a multiple of 15?
False
Does 587 divide 2890388?
True
Is 10753959 a multiple of 31?
False
Is 11 a factor of 2201287?
True
Is 18 a factor of 3281831?
False
Is 684 a factor of 190152?
True
Is 70 a factor of 3223570?
True
Is 33 a factor of 180675?
True
Is 296996 a multiple of 27?
False
Does 20 divide 490257?
False
Does 330 divide 823350?
True
Is 667 a factor of 1045856?
True
Is 5 a factor of 27